{"id":309,"date":"2019-11-07T19:58:12","date_gmt":"2019-11-07T18:58:12","guid":{"rendered":"https:\/\/www.cec-mouries.fr\/?page_id=309"},"modified":"2020-02-01T14:22:48","modified_gmt":"2020-02-01T13:22:48","slug":"mentions-legales","status":"publish","type":"page","link":"https:\/\/www.cec-mouries.fr\/index.php\/mentions-legales\/","title":{"rendered":"Mentions L\u00e9gales"},"content":{"rendered":"<p>[et_pb_section fb_built=\u00a0\u00bb1&Prime; admin_label=\u00a0\u00bbsection\u00a0\u00bb _builder_version=\u00a0\u00bb4.2.2&Prime; background_image=\u00a0\u00bbhttps:\/\/www.cec-mouries.fr\/wp-content\/uploads\/2020\/02\/entete-scaled.jpg\u00a0\u00bb background_size=\u00a0\u00bbcontain\u00a0\u00bb width=\u00a0\u00bb100%\u00a0\u00bb min_height=\u00a0\u00bb452px\u00a0\u00bb custom_padding=\u00a0\u00bb||0px|||\u00a0\u00bb bottom_divider_height=\u00a0\u00bb64px\u00a0\u00bb hover_enabled=\u00a0\u00bb0&Prime;][et_pb_row _builder_version=\u00a0\u00bb4.2.2&Prime; width=\u00a0\u00bb86%\u00a0\u00bb max_width=\u00a0\u00bb1106px\u00a0\u00bb custom_margin=\u00a0\u00bb-60px|auto||auto||\u00a0\u00bb][et_pb_column type=\u00a0\u00bb4_4&Prime; _builder_version=\u00a0\u00bb4.2.2&Prime;][et_pb_menu menu_style=\u00a0\u00bbcentered\u00a0\u00bb active_link_color=\u00a0\u00bb#a8430d\u00a0\u00bb menu_icon_color=\u00a0\u00bb#FFFFFF\u00a0\u00bb _builder_version=\u00a0\u00bb4.2.2&Prime; menu_font_size=\u00a0\u00bb20px\u00a0\u00bb background_color=\u00a0\u00bb#339028&Prime; background_layout=\u00a0\u00bbdark\u00a0\u00bb custom_margin=\u00a0\u00bb-14px|||||\u00a0\u00bb custom_padding=\u00a0\u00bb10px|10px|10px|10px|false|false\u00a0\u00bb][\/et_pb_menu][\/et_pb_column][\/et_pb_row][\/et_pb_section][et_pb_section fb_built=\u00a0\u00bb1&Prime; _builder_version=\u00a0\u00bb3.22&Prime;][et_pb_row _builder_version=\u00a0\u00bb4.2.2&Prime;][et_pb_column _builder_version=\u00a0\u00bb4.2.2&Prime; type=\u00a0\u00bb4_4&Prime;][et_pb_text _builder_version=\u00a0\u00bb4.2.2&Prime; hover_enabled=\u00a0\u00bb0&Prime;]<\/p>\n<h1 style=\"text-align: center;\">Mentions l\u00e9gales<\/h1>\n<p>[\/et_pb_text][\/et_pb_column][\/et_pb_row][et_pb_row _builder_version=\u00a0\u00bb3.25&Prime; background_size=\u00a0\u00bbinitial\u00a0\u00bb background_position=\u00a0\u00bbtop_left\u00a0\u00bb background_repeat=\u00a0\u00bbrepeat\u00a0\u00bb][et_pb_column type=\u00a0\u00bb4_4&Prime; _builder_version=\u00a0\u00bb3.25&Prime; custom_padding=\u00a0\u00bb|||\u00a0\u00bb custom_padding__hover=\u00a0\u00bb|||\u00a0\u00bb][et_pb_text _builder_version=\u00a0\u00bb3.27.4&Prime; background_size=\u00a0\u00bbinitial\u00a0\u00bb background_position=\u00a0\u00bbtop_left\u00a0\u00bb background_repeat=\u00a0\u00bbrepeat\u00a0\u00bb]<!-- divi:paragraph --><\/p>\n<p><strong>Club Canin de Mouries, <\/strong><\/p>\n<p><!-- \/divi:paragraph --><\/p>\n<p><!-- divi:paragraph --><\/p>\n<p>Habilit\u00e9 par la Pr\u00e9fecture de Marseille \u00e0 faire passer le test d\u2019aptitude aux propri\u00e9taires de chiens de 1 \u00e8re et 2 \u00e8me cat\u00e9gorie (Article L.211-13-1 du code rural)<\/p>\n<p><!-- \/divi:paragraph --><\/p>\n<p><!-- divi:paragraph --><\/p>\n<p>Quartier Croix du Jubil\u00e9<\/p>\n<p><!-- \/divi:paragraph --><\/p>\n<p><!-- divi:paragraph --><\/p>\n<p>13890 MOURIES<\/p>\n<p><!-- \/divi:paragraph --><\/p>\n<p><!-- divi:paragraph --><\/p>\n<p>Coordonn\u00e9es GPS : 43.68440 \u2013 4.86180<\/p>\n<p><!-- \/divi:paragraph --><\/p>\n<p><!-- divi:paragraph --><\/p>\n<p>T\u00e9l : 06 83 24 69 09<\/p>\n<p><!-- \/divi:paragraph --><\/p>\n<p><!-- divi:paragraph --><\/p>\n<p>Mail : renemartinez2305@gmail.com ou contact@cec-mouries.fr<\/p>\n<p><!-- \/divi:paragraph --><\/p>\n<p><!-- divi:paragraph --><\/p>\n<p>Site cr\u00e9e par <a href=\"http:\/\/www.vgi-production.fr\">VGI Production<\/a> &amp; <a href=\"http:\/\/www.sicreation.fr\">SI. Cr\u00e9ation<\/a> <\/p>\n<p><!-- \/divi:paragraph --><\/p>\n<p><!-- divi:paragraph --><\/p>\n<p>H\u00e9bergeur du site: OVH, SAS au capital de 10 069 020 \u20ac,&nbsp;RCS Lille M\u00e9tropole 424 761 419 00045,&nbsp;Code APE 2620Z,&nbsp;N\u00b0 TVA : FR 22 424 761 419,&nbsp;Si\u00e8ge social : 2 rue Kellermann &#8211; 59100 Roubaix &#8211; France <\/p>\n<p><!-- \/divi:paragraph -->[\/et_pb_text][\/et_pb_column][\/et_pb_row][\/et_pb_section][et_pb_section fb_built=\u00a0\u00bb1&Prime; _builder_version=\u00a0\u00bb4.2.2&Prime; background_color=\u00a0\u00bb#260F03&Prime; custom_padding=\u00a0\u00bb147px||2px|||\u00a0\u00bb top_divider_color=\u00a0\u00bb#7CDA24&Prime;][et_pb_row column_structure=\u00a0\u00bb1_2,1_2&Prime; _builder_version=\u00a0\u00bb4.2.2&Prime; width=\u00a0\u00bb86%\u00a0\u00bb max_width=\u00a0\u00bb1428px\u00a0\u00bb custom_padding=\u00a0\u00bb21px|||||\u00a0\u00bb][et_pb_column type=\u00a0\u00bb1_2&Prime; _builder_version=\u00a0\u00bb4.2.2&Prime;][et_pb_text _builder_version=\u00a0\u00bb4.2.2&Prime; background_layout=\u00a0\u00bbdark\u00a0\u00bb]<\/p>\n<p><a href=\"https:\/\/www.cec-mouries.fr\/index.php\/mentions-legales\/\">Mentions l\u00e9gales<\/a> &#8211; <a href=\"https:\/\/www.cec-mouries.fr\/index.php\/politique-de-confidentialite\/\">Politique de confidentialit\u00e9<\/a><\/p>\n<p>[\/et_pb_text][\/et_pb_column][et_pb_column type=\u00a0\u00bb1_2&Prime; _builder_version=\u00a0\u00bb4.2.2&Prime;][et_pb_text _builder_version=\u00a0\u00bb4.2.2&Prime; background_layout=\u00a0\u00bbdark\u00a0\u00bb]<\/p>\n<p style=\"text-align: right;\">Webdesigned by <a href=\"https:\/\/www.sicreation.fr\">SI CREATION<\/a> &amp; <a href=\"https:\/\/www.vgi-production.fr\">VGI PRODUCTION<\/a><\/p>\n<p>[\/et_pb_text][\/et_pb_column][\/et_pb_row][\/et_pb_section]<\/p>\n","protected":false},"excerpt":{"rendered":"<p>Mentions l\u00e9gales Club Canin de Mouries, Habilit\u00e9 par la Pr\u00e9fecture de Marseille \u00e0 faire passer le test d\u2019aptitude aux propri\u00e9taires de chiens de 1 \u00e8re et 2 \u00e8me cat\u00e9gorie (Article L.211-13-1 du code rural) Quartier Croix du Jubil\u00e9 13890 MOURIES Coordonn\u00e9es GPS : 43.68440 \u2013 4.86180 T\u00e9l : 06 83 24 69 09 Mail : [&hellip;]<\/p>\n","protected":false},"author":3,"featured_media":0,"parent":0,"menu_order":0,"comment_status":"closed","ping_status":"closed","template":"page-template-blank.php","meta":{"_et_pb_use_builder":"on","_et_pb_old_content":"<!-- wp:paragraph -->\n<p><strong>Club Canin de Mouries, <\/strong><\/p>\n<!-- \/wp:paragraph -->\n\n<!-- wp:paragraph -->\n<p>Habilit\u00e9 par la Pr\u00e9fecture de Marseille \u00e0 faire passer le test d\u2019aptitude aux propri\u00e9taires de chiens de 1 \u00e8re et 2 \u00e8me cat\u00e9gorie (Article L.211-13-1 du code rural)<\/p>\n<!-- \/wp:paragraph -->\n\n<!-- wp:paragraph -->\n<p>Quartier Croix du Jubil\u00e9<\/p>\n<!-- \/wp:paragraph -->\n\n<!-- wp:paragraph -->\n<p>13890 MOURIES<\/p>\n<!-- \/wp:paragraph -->\n\n<!-- wp:paragraph -->\n<p>Coordonn\u00e9es GPS : 43.68440 \u2013 4.86180<\/p>\n<!-- \/wp:paragraph -->\n\n<!-- wp:paragraph -->\n<p>T\u00e9l : 06 83 24 69 09<\/p>\n<!-- \/wp:paragraph -->\n\n<!-- wp:paragraph -->\n<p>Mail : renemartinez2305@gmail.com ou contact@cec-mouries.fr<\/p>\n<!-- \/wp:paragraph -->\n\n<!-- wp:paragraph -->\n<p>Site cr\u00e9e par <a href=\"http:\/\/www.vgi-production.fr\">VGI Production<\/a> &amp; <a href=\"http:\/\/www.sicreation.fr\">SI. Cr\u00e9ation<\/a> <\/p>\n<!-- \/wp:paragraph -->\n\n<!-- wp:paragraph -->\n<p>H\u00e9bergeur du site: OVH, SAS au capital de 10 069 020 \u20ac,&nbsp;RCS Lille M\u00e9tropole 424 761 419 00045,&nbsp;Code APE 2620Z,&nbsp;N\u00b0 TVA : FR 22 424 761 419,&nbsp;Si\u00e8ge social : 2 rue Kellermann - 59100 Roubaix - France <\/p>\n<!-- \/wp:paragraph -->","_et_gb_content_width":"","footnotes":""},"class_list":["post-309","page","type-page","status-publish","hentry"],"_links":{"self":[{"href":"https:\/\/www.cec-mouries.fr\/index.php\/wp-json\/wp\/v2\/pages\/309","targetHints":{"allow":["GET"]}}],"collection":[{"href":"https:\/\/www.cec-mouries.fr\/index.php\/wp-json\/wp\/v2\/pages"}],"about":[{"href":"https:\/\/www.cec-mouries.fr\/index.php\/wp-json\/wp\/v2\/types\/page"}],"author":[{"embeddable":true,"href":"https:\/\/www.cec-mouries.fr\/index.php\/wp-json\/wp\/v2\/users\/3"}],"replies":[{"embeddable":true,"href":"https:\/\/www.cec-mouries.fr\/index.php\/wp-json\/wp\/v2\/comments?post=309"}],"version-history":[{"count":4,"href":"https:\/\/www.cec-mouries.fr\/index.php\/wp-json\/wp\/v2\/pages\/309\/revisions"}],"predecessor-version":[{"id":516,"href":"https:\/\/www.cec-mouries.fr\/index.php\/wp-json\/wp\/v2\/pages\/309\/revisions\/516"}],"wp:attachment":[{"href":"https:\/\/www.cec-mouries.fr\/index.php\/wp-json\/wp\/v2\/media?parent=309"}],"curies":[{"name":"wp","href":"https:\/\/api.w.org\/{rel}","templated":true}]}}